, -l - t + 20 = 0. Suppose l = s*x - 2*x. Determine k(x).
-3
Let m(a) = -531*a + 3 + 1 + 530*a. Determine m(2).
2
Suppose -d = -1, 0 = -3*x + 2*d - 6*d + 25. Let n(u) = -5*u**2 + 3 + x*u - 3*u**3 + 0*u + 2*u**3 + 5. What is n(-6)?
2
Let z(n) = n**3 + 7*n**2 - 13 + 10 + 4 - 10*n**2 + n. What is z(2)?
-1
Let y(x) be the first derivative of -x**4/6 + x**3/3 + 3*x**2/2 - x - 3. Let d(v) be the first derivative of y(v). Give d(-2).
-9
Let t(b) be the first derivative of b**3/3 - 3*b**2/2 + 6*b - 3. Suppose -3*c - 16 = -7*c. Calculate t(c).
10
Let d(l) = l**2 - 2*l - 1. Let y(x) = -14. Let f(o) = o - 28. Let c(a) = 3*f(a) - 5*y(a). Let p be c(6). Give d(p).
7
Let f(s) = -13*s - 18. Let h(g) = -4*g - 5. Let u(z) = -4*f(z) + 14*h(z). What is u(5)?
-18
Let f(k) = 9*k**2 - 7*k**2 - 5*k + 2 - 4*k**2. Let y(j) = j. Let b(q) = q**2 + 5*q. Let g(v) = -b(v) + 2*y(v). Let x be g(-4). Determine f(x).
-10
Let c be 1 + (-6)/2 + 82. Let m(q) = -5 + 0 + 4*q + 81*q**2 - c*q**2. Determine m(-5).
0
Let c(i) = -i**3 - 3*i**2 + 2*i + 4. Suppose 6*m = -8 - 10. Let u be c(m). Let a(z) = 2*z**3 + z**2 - 4*z - 3. Determine a(u).
-7
Let k(i) = i**3 - 8*i**2 + 5*i + 2. Let j(r) = -r. Let q(z) = -2*j(z) + k(z). What is q(7)?
2
Let m(v) = v**3 + 7*v**2 + 8. Let o = 90 - 138. Let x = 41 + o. Determine m(x).
8
Let a = -1 - -1. Let k(m) = -26 - 8 + 7*m + 6*m + 22. Let p(n) = -11*n + 12. Let q(h) = -6*k(h) - 7*p(h). Determine q(a).
-12
Let j(h) be the third derivative of h**8/1344 + h**6/360 - h**5/120 + 3*h**4/4 - 9*h**2. Let n(y) be the second derivative of j(y). Determine n(1).
6
Let a(q) = -q**3 - 4*q**2 + 4*q + 3. Let c = -132 - -130. Let h be (-2 - c/4)*24/9. What is a(h)?
-13
Let k(l) = l + 2. Let g(j) = -j**3 + 2*j**2 + 19*j - 18 + 9*j**2 - 3*j**2 - 2*j**2. Let i be g(8). What is k(i)?
8
Let x(g) be the third derivative of -17*g**2 - 1/24*g**4 - 1/6*g**3 + 0 + 0*g. Determine x(9).
-10
Let n(d) be the first derivative of 5*d**3/3 - d**2/2 + d - 444. Suppose -r + 5 = 2*a, -r - 3*a = 2 - 9. Give n(r).
5
Suppose -14*q + 30 = q. Let l be (-24)/(-14) + 4/14. Let j(u) = 0*u**q - 6*u**l + 3*u**2 - 1 + u - u**3. Calculate j(-3).
-4
Suppose 3*u + 5*u = 0. Let p be -2 - (u - (5 + -1)). Let r(l) = l**3 + l**2 + 2. Give r(p).
14
Let m(j) = -j**3 + j**2 + j + 17. Let h(a) = -a**3 + a**2 + a + 16. Let r(n) = 6*h(n) - 5*m(n). Let f be ((-14)/21)/(1/(-3)). Suppose f*l = 5*l. Determine r(l).
11
Let h(n) = -1 + 3*n**2 - 2*n**2 - 3*n**2. Let t be (-26 - -20)*(10/(-12) + 1). Give h(t).
-3
Let y = 11 + -7. Suppose 0*l - 36 = y*l. Let n(v) = v**2 + 8*v - 13. Let b be n(l). Let h(o) = -o**3 - 4*o**2 - o - 5. Give h(b).
-1
Let f(o) = -o + 6 - 5 + 3 - 2 - 6. Give f(-7).
3
Let j(y) = y**3 - 11*y + 254 - 247 - 11*y - 5*y**2 + 16*y. What is j(6)?
7
Let y(o) = -6*o. Let r(z) = -z. Let q(s) = -11*r(s) + 2*y(s). Suppose -7*g - 7 = 14. Give q(g).
3
Let t(g) be the second derivative of -11*g**3/6 + g**2/2 + g. Let j be (2/4)/((-4)/(-16)). Suppose 4*s - j*d - d + 16 = 0, 0 = 2*d - 8. Calculate t(s).
12
Let t(p) = p**2 - 7*p + 3. Let n be 410/70 + 4/28. What is t(n)?
-3
Let a(u) be the second derivative of -u**4/12 + 7*u**3/6 + 5*u**2/2 - 3*u + 6. What is a(5)?
15
Let p(s) = s**3 - 4*s**2 - 5*s + 4. Suppose 5*f + 3*f + 8 = 0. Let u be (1 - 4 - 2)*f. Determine p(u).
4
Let m(z) = z**2 + z + 7. Let r be m(-3). Let h(c) = c**3 - 8*c + 36*c**2 - r*c**2 + 5 - 17*c**2. What is h(-7)?
12
Let j be 5/(-2)*((-180)/(-25) + -8). Let k(o) = 2*o**2 - 7*o - 3*o**2 + 6*o**2 - 1 + o**3 - o**j. Give k(-5).
9
Let r be 80/28 + 1/7. Let t(h) = 3*h + 3*h**3 - 3*h**3 - 3*h**3 + h + r. What is t(-2)?
19
Suppose 3*j = -0*u - u - 12, j + 15 = -4*u. Let n(i) be the second derivative of i**3/6 - i**2 - 22*i - 5. What is n(j)?
-5
Let i(s) = -s**2 - 7*s - 9. Let p(h) = 15*h + 112. Let t be p(-8). What is i(t)?
-17
Let j(q) be the third derivative of 0*q + 0 - 33*q**2 - 1/12*q**5 - 1/120*q**6 + 1/3*q**4 + 2/3*q**3. Calculate j(-6).
-8
Let k(m) = -m + 1. Let t be k(-1). Let a(v) = 1 + v + 10*v**3 + 2*v**2 + 3*v**2 - 2 - 6*v**t. Suppose -4 = -4*h - 0. Calculate a(h).
9
Let f(v) be the first derivative of v**4/4 + 8*v**3/3 - 74. Give f(-8).
0
Suppose -y + 3 = 2*f, f - 3*y = -0*f + 5. Suppose -3*d + 16 = 4*w, -2*w + 3*d - 18 = -f*d. Let l(n) = 12*n**3 - n**2 + 2*n - 1. Calculate l(w).
12
Let h(r) = r. Let a(s) = 6*s - 1. Let p(l) = 2*a(l) - 11*h(l). Let n be p(6). Let g(f) = -f**3 + 3*f**2 + f + 2. Calculate g(n).
-10
Let a(l) = -2885 + 5774 - 9*l - 2887 + 2*l. Give a(-10).
72
Let i(w) = -2*w**2 + 4*w + 3. Suppose 4*b = 2*b. Suppose -u - 2 = -b*u. Give i(u).
-13
Let v(y) = y**3 + 6*y**2 - y - 5. Let o be v(-6). Let f(c) = -c. Let n(x) = x**2 + 8*x - 4. Let z(w) = o*n(w) + 5*f(w). Let a = 392 - 395. What is z(a)?
-4
Let j = -2618 + 2624. Let r(x) = -8*x**3 - 4*x**2 - 32*x + 32. Let m(u) = 3*u**3 + u**2 + 11*u - 11. Let g(f) = 11*m(f) + 4*r(f). Give g(j).
1
Let j(v) = -11*v**3 - v**2 + 6*v - 1. Let b(c) = -11*c**3 - c**2 + 7*c - 1. Let l(x) = 4*b(x) - 5*j(x). Let h be ((-4)/3 - -1)*-3. What is l(h)?
11
Let h(u) = u**2 - 3*u - 5. Suppose 3*p - 5*x + 14 = -x, 2*x - 18 = -4*p. Suppose p*d = d + 1. Let y be d/2*(12 - 2). What is h(y)?
5
Let w(v) be the first derivative of -2*v**3 - 3*v**2/2 - v - 60. What is w(-2)?
-19
Let k(a) = -2*a**3 + 3*a - 2. Let v be k(1). Let d(g) = -4*g. Let o be d(v). Let f be -1 + 2 + -1 + o. Let i(m) = m**2 - 2*m - 1. Give i(f).
7
Let b(n) = -n**2 + 7*n + 4. Suppose 0 = -3*p - 5*p + 80. Let z(q) = -2*q - p - 2 + 0*q + 1. Let f be z(-9). Calculate b(f).
4
Let v(y) = y**3 + 9*y**2 - 12*y + 5. Let n be v(-10). Suppose 5*o = -5 + n. Let u(g) = g**3 - 3*g**2 - 3*g + 2. Calculate u(o).
6
Suppose -2*t + 3 = t. Let a(r) = 1 + t - r + 8*r - r. Suppose 4 = -4*d + 5*d + 2*h, 5*h - 21 = 3*d. Determine a(d).
-10
Let z(r) be the first derivative of -r**4/4 + 7*r**3/3 - r**2 + 7*r - 112. Calculate z(7).
-7
Suppose w - 4*z + 8 = 0, 0 = 5*w - 6*z + z - 20. Let l(a) = a**3 - 9*a**2 + 7*a + 6. What is l(w)?
-2
Let k(a) be the third derivative of -a**6/120 + a**5/12 - 5*a**4/24 + a**2. Let l be -1*1/(-2)*(5 - -3). Calculate k(l).
-4
Let u(y) = -2*y**2 - 7*y - 4. Let z = 12 - 24. Let v(b) = 2*b + 20. Let w be v(z). Give u(w).
-8
Let f(r) = -3*r**2 - 8*r - 1. Let n(w) = w**2 - 2*w - 1. Let q(a) = -f(a) - 2*n(a). Determine q(-12).
3
Suppose 28*y = 29*y - 47. Let p = -43 + y. Let v(m) = -m**2 + 6*m - 2. What is v(p)?
6
Suppose -l = d + 19, 33 = -2*d - l - 0*l. Let p(q) = q**3 + 15*q**2 + 15*q + 11. Give p(d).
-3
Let y(c) = -2*c - 5. Let f(b) = -19*b - 80. Let o(t) = -f(t) + 4*y(t). Give o(-5).
5
Suppose 2*k - 2 = 6. Let z(b) = -19*b + 5 - 13*b + 26*b. What is z(k)?
-19
Let l be 405/18 + (-1)/(-1 - -3). Let x = -20 + l. Let q(j) = j**2 - j - 2. Calculate q(x).
0
Let u(k) be the second derivative of k**4/12 + k**3 - 3*k**2 + k. Suppose -5*t = p - 30, -20 = -5*t + 5. Suppose p*c = -12 - 13. Determine u(c).
-11
Let x(l) = 26*l**3 - 2*l**2 + 1. Let v be -10 - ((-8)/4 - 9). What is x(v)?
25
Let p(k) = -k**3 + 4*k**2 - 7*k + 6. Let t(f) = 2*f**3 - 9*f**2 + 13*f - 12. Let s(l) = -11*p(l) - 6*t(l). Calculate s(10).
-4
Let u(c) be the second derivative of -c**4/12 - c**3/6 + 2*c**2 - 4*c - 2. Let q = 3 + -6. What is u(q)?
-2
Let k be -1 - (-1 - -6) - 2. Let g(a) be the third derivative of a**4/24 + 3*a**3/2 - 13*a**2 + 2. What is g(k)?
1
Suppose 4 + 10 = 2*w. Let o(a) = 18 - 12*a - 14 + 4*a + w*a. Calculate o(8).
-4
Let m(l) = -l + 1. Suppose -5*h = 11*p - 12*p - 40, 3*p - 4*h = -65. Let y(t) = -t**3 + 4*t**2 + 9*t - 3. Let o be y(6). Let j be (14/o)/(2/p). Determine m(j).
-4
Let k(p) = p - 1. Let m(q) = -3*q + 2. Let w(b) = 13*k(b) + 6*m(b). Let s(u) = u**3 - 2*u**2 - 5*u + 3. Let x be s(3). Determine w(x).
14
Suppose 0 = 4*w + 130 - 134. Let y(u) be the third derivative of -u**4/12 + 2*u**2. What is y(w)?
-2
Let y(d) = 51*d - 26. Let f(p) = -3*p + 2. Let h(q) = 26*f(q) + 2*y(q). Give h(1).
24
Let l(s) be the third derivative of 4/3*s**3 - 1/24*s**4 + 1/120*s**5 - s**2 + 0 + 0*s. Let f(o) be the first derivative of l(o). Give f(2).
1
Let a(g) = -13*g**3 + 41*g**2 + 9*g + 67. Let u(y) = -5*y**3 + 20*y**2 + 4*y + 34. Let t(z) = -2*a(z) + 5*u(z). What is t(-18)?
0
Let k(o) = -o. Suppose -3 = -q + 1. Suppose -5*f + 11 + q = 0. Suppose -4*b = -f*z - 2*z